88*c + 845. What is y(-65)?
390
Let x(z) = z**2 - 4421*z + 3408894. What is x(995)?
24
Let o(n) = 7*n**3 - 401*n**2 + 134*n + 130. Give o(57).
1270
Let x(u) = -1527*u + 32152. Calculate x(19).
3139
Let z(d) = -11*d**2 - 61*d - 202. Determine z(0).
-202
Let w(m) = -16*m**3 - 226*m**2 - 22*m + 308. Give w(-14).
224
Let t(i) = -179881*i**2 - 2698213*i + 33. Determine t(-15).
3
Let p(o) = -28*o**3 + 631*o**2 + 625*o - 2. Calculate p(-1).
32
Let v(b) = 6143*b - 10099. What is v(2)?
2187
Let w(r) = 212*r**2 + 1436*r - 322. Give w(-7).
14
Let h(a) = -2*a**3 - 213*a**2 + 238*a + 13976. What is h(-107)?
-41
Let q(b) = -1022*b**3 - 7*b**2 + 4*b + 2. Calculate q(1).
-1023
Let y(t) = -391*t + 15673. Give y(43).
-1140
Let n(s) = 5*s**3 - 12*s**2 - 55*s - 7. Give n(-4).
-299
Let h(d) = -1267*d - 67355. Determine h(-53).
-204
Let c(g) = -279*g - 50229. Determine c(-180).
-9
Let f(g) = -6*g**2 + 73*g + 38. Give f(19).
-741
Let f(h) = 962*h + 2992. Calculate f(-3).
106
Let u(l) = -5330*l - 36034. Determine u(-7).
1276
Let h(g) = g**3 - 131*g**2 - 3262*g - 15859. Calculate h(153).
53
Let w(b) = -2*b**2 - 135*b + 19262. Determine w(70).
12
Let w(n) = 2*n**3 - 496*n**2 + 1968*n - 3896. Calculate w(244).
8
Let d(j) = -1360*j + 50196. Determine d(37).
-124
Let c(y) = -36*y**3 + 128*y**2 - 127*y - 2. Give c(1).
-37
Let h(a) = 41829*a - 335103. What is h(8)?
-471
Let j(o) = -34980*o - 174969. Calculate j(-5).
-69
Let s(k) = -5*k**2 - 547*k - 3587. What is s(-7)?
-3
Let b(o) = o**2 + 5375*o + 439022. Calculate b(-83).
-214
Let n(h) = -h**2 - 3556*h + 633416. Determine n(170).
-4
Let i(w) = -1039162*w - 4156636. Give i(-4).
12
Let j(g) = -15*g - 145. Give j(21).
-460
Let u(l) = -5*l**2 + 565*l - 2541. Determine u(108).
159
Let m(g) = 2*g + 308. Give m(41).
390
Let m(k) = -58*k**2 - 11898*k - 13474. What is m(-204)?
-10
Let b(m) = -m**3 + 85*m**2 - 354*m + 2391. What is b(81)?
-39
Let v(c) = 2*c**2 + 368*c - 95365. Calculate v(145).
45
Let z(t) = 429*t**2 - 50*t - 171. What is z(3)?
3540
Let z(g) = 4654*g + 507305. What is z(-109)?
19
Let v(i) = i**2 + 379*i - 33556. What is v(78)?
2090
Let i(o) = -558*o + 19910. Determine i(38).
-1294
Let i(k) = -k**2 - 286*k + 182820. Give i(308).
-132
Let c(s) = 2260*s + 45666. What is c(-20)?
466
Let o(s) = -13*s**2 - 77*s + 187. Calculate o(13).
-3011
Let k(l) = 153*l**2 - 228*l - 1. Give k(5).
2684
Let t(s) = -2*s**3 - 57*s**2 - 299*s - 19. What is t(-7)?
-33
Let d(o) = -o**2 - 410099*o + 2870747. Give d(7).
5
Let k(v) = -v**2 - 8309*v - 24922. Give k(-3).
-4
Let f(k) = -72*k**2 + 1400*k - 31. What is f(19)?
577
Let q(h) = 1061*h - 137914. Determine q(130).
16
Let g(c) = 296767*c + 5638578. What is g(-19)?
5
Let y(d) = -d**3 - 6*d**2 + 2133*d - 18963. Calculate y(-53).
11
Let z(c) = 2*c**3 + 49*c**2 - 286*c - 46. What is z(7)?
1039
Let a(q) = -26239*q + 629732. What is a(24)?
-4
Let n(s) = -2*s**2 + 2732*s + 1549054. Calculate n(-431).
40
Let y(b) = b**3 + 244*b**2 + 47*b + 11463. Calculate y(-244).
-5
Let h(b) = -26*b + 640. Calculate h(16).
224
Let l(b) = b**3 + 674*b**2 + 18086*b - 63. What is l(-28)?
-7
Let t(q) = -496*q - 2727. Give t(-5).
-247
Let r(z) = -118*z + 5168. What is r(49)?
-614
Let y(l) = -l**3 - 13*l**2 + 5*l - 420. Determine y(-15).
-45
Let r(t) = -8*t**2 + 3111*t - 288711. Calculate r(153).
0
Let g(j) = 3*j**3 + 781*j**2 + 1844*j + 9807. Determine g(-258).
3
Let m(o) = -86*o - 9712. What is m(-127)?
1210
Let b(r) = r**3 + 36*r**2 + 147*r + 50. Determine b(-18).
3236
Let a(d) = -14*d**3 + 716*d**2 + 445*d - 27978. Calculate a(51).
-81
Let l(k) = -775*k - 16308. What is l(-21)?
-33
Let m(a) = a**2 - 232645*a - 1163239. Calculate m(-5).
11
Let z(o) = 61065*o - 1038478. Determine z(17).
-373
Let d(c) = -2045636*c + 12273817. Give d(6).
1
Let a(x) = 75139*x - 225466. What is a(3)?
-49
Let y(r) = 8589*r + 841706. What is y(-98)?
-16
Let t(z) = 7*z**2 + 5193*z + 134367. What is t(-715)?
-53
Let y(n) = -6870*n - 24834. Calculate y(-4).
2646
Let t(n) = n**2 + 79*n - 333. Give t(-83).
-1
Let m(h) = 2*h**3 + 43*h**2 - 79*h - 159. Give m(-23).
71
Let r(j) = 2225*j + 14281. Give r(-6).
931
Let u(h) = -2290*h - 600002. Give u(-262).
-22
Let r(y) = y**3 + 9*y**2 - 42*y - 322. What is r(-10)?
-2
Let y(g) = -g**3 + 150*g**2 - 3870*g + 20086. Give y(7).
3
Let t(a) = 9*a**2 - 412*a + 251. Calculate t(44).
-453
Let u(t) = 4*t**3 + 143*t**2 + 1915*t + 70419. Calculate u(-36).
183
Let n(a) = 3*a**3 + 141*a**2 + 12*a + 611. Calculate n(-47).
47
Let k(j) = 216*j + 1134. What is k(-10)?
-1026
Let t(p) = 2*p**3 - 56*p**2 + 377*p - 8720. Determine t(27).
1
Let o(w) = -184*w - 26791. Calculate o(-149).
625
Let r(i) = 19731*i - 39456. Give r(2).
6
Let m(y) = 24*y**2 - 1313*y + 3959. What is m(3)?
236
Let o(b) = 642*b + 6971. What is o(-11)?
-91
Let g(v) = v**3 - 139*v**2 + 1745*v - 28082. What is g(127)?
-15
Let u(l) = l**3 - 97*l**2 + 187*l + 297. What is u(95)?
12
Let n(h) = 2*h**3 + 3150*h**2 - 534*h - 841068. What is n(-1575)?
-18
Let b(g) = 7*g**2 + 1942*g - 7776. Determine b(4).
104
Let o(a) = 46*a**2 + 333*a - 2675. Determine o(9).
4048
Let c(k) = 706*k - 4367. What is c(6)?
-131
Let b(i) = 4*i**3 + 360*i**2 + 2643*i + 1580. What is b(-82)?
22
Let j(f) = -102*f**2 - 1955*f + 1695. What is j(-20)?
-5
Let t(x) = 32*x**2 + 250*x + 62. Determine t(-14).
2834
Let b(c) = 2*c**3 + 21*c**2 + 123*c + 799. Give b(-8).
135
Let o(j) = 31*j**2 + 1186*j - 9506. What is o(8)?
1966
Let j(s) = s**3 + 336*s**2 + 426*s - 80804. Give j(-334).
24
Let x(c) = -c**2 + 182*c - 5745. What is x(31)?
-1064
Let z(k) = k**3 + 135*k**2 - 16617*k + 91. Determine z(78).
-143
Let h(m) = -3477*m - 139017. Give h(-40).
63
Let x(q) = -32381*q - 226631. Determine x(-7).
36
Let t(j) = 17*j**2 - 43*j + 35. Calculate t(3).
59
Let w(v) = 272*v**2 + 1584*v + 1616. Calculate w(-1).
304
Let r(y) = 10*y**3 + 71*y**2 - 169*y + 2. Calculate r(-9).
-16
Let y(i) = 411*i**2 + 24247*i - 120. Calculate y(-59).
-2
Let f(v) = 6*v**3 + 612*v**2 + v - 91. Calculate f(-102).
-193
Let c(f) = -78*f - 22803. Determine c(-291).
-105
Let c(j) = -28*j**2 - 272*j + 40. Determine c(-12).
-728
Let l(q) = 1582*q - 537880. Calculate l(340).
0
Let j(l) = l**2 - 549*l + 74290. Calculate j(242).
-4
Let h(l) = 12*l**3 + 9*l**2 + 56*l + 2. What is h(4)?
1138
Let q(u) = u**3 + 20*u**2 - 44*u + 410. What is q(-21)?
893
Let h(x) = 4*x**2 + 656*x + 9994. Calculate h(-147).
-2
Let t(g) = -69076*g - 9187110. Give t(-133).
-2
Let m(x) = x**3 - 51*x**2 - 515*x + 16074. What is m(55)?
-151
Let r(b) = b**2 + 6086*b + 60726. Determine r(-10).
-34
Let o(d) = -22864*d - 182925. Determine o(-8).
-13
Let g(z) = -969*z**2 + 8727*z - 2. Determine g(9).
52
Let k(i) = i**3 + 10*i**2 + 46*i + 10. Determine k(-6).
-122
Let r(q) = q**3 - 256*q**2 - 716*q - 15786. Determine r(259).
13
Let x(d) = 8*d**3 + 28*d**2 - 171*d + 69. Determine x(7).
2988
Let m(u) = 9*u**2 - 454*u + 89. Give m(50).
-111
Let u(n) = 138*n + 1871. Calculate u(-13).
77
Let t(p) = 53988*p + 2483441. Give t(-46).
-7
Let f(d) = -4*d**2 - 3336*d + 23392. What is f(7)?
-156
Let r(p) = -3*p**3 - 92*p**2 + 132*p + 146. Calculate r(-32).
18
Let l(t) = 11*t**3 + 33*t**2 + 30*t + 12. Determine l(-1).
4
Let b(q) = 49*q**3 + 2*q**2 - 230*q - 476. What is b(-2)?
-400
Let u(t) = -505*t**3 - 470*t**2 + 486*t - 17. Give u(1).
-506
Let p(g) = 113*g - 20934. Determine p(184).
-142
Let i(u) = 29*u**2 + 1603*u + 20449. What is i(-20)?
-11
Let z(j) = -j**3 + 143*j**2 + 1036*j + 2092. Calculate z(150).
-8
Let y(m) = -m**2 + 343*m - 16309. What is y(286)?
-7
Let j(n) = -5*n**2 - 2*n + 302. Give j(6).
110
Let y(s) = -s**3 - 17*s**2 + 60*s - 167. Calculate y(-23).
1627
Let p(n) = -125*n**2 + 3021*n - 5547. Determine p(2).
-5
Let v(d) = 10*d**2 + 293*d - 8843. What is v(-47)?
-524
Let o(b) = -b**3 + 3*b**2 + 1177*b - 4672. Give o(4).
20
Let p(g) = 40*g**2 - 4641*g + 158. Give p(116).
42
Let f(n) = 248*n - 41. Give f(-3).
-785
Let w(m) = m**2 + 34*m - 5516. Determine w(50).
-1316
Let w(i) = -8*i**2 + 432*i - 796. Calculate w(52).
36
Let o(l) = 33*l**3 + 598*l**2 + 68*l - 16. What is o(-18)?
56
Let x(i) = 46027*i - 184028. Calculate x(4).
80
Let w(c) = 7*c**2 + 791*c - 2. Determine w(-113).
-2
Let w(c) = -c**3 + 71*c**2 + 181*c + 3061. Calculate w(74).
27
Let z(x) = -2507*x - 813